{"id":10778,"date":"2023-10-23T11:04:54","date_gmt":"2023-10-23T09:04:54","guid":{"rendered":"https:\/\/inci.neuro.unistra.fr\/?page_id=10778"},"modified":"2026-01-20T09:56:32","modified_gmt":"2026-01-20T08:56:32","slug":"research-support-unit-3156","status":"publish","type":"page","link":"https:\/\/inci.neuro.unistra.fr\/?page_id=10778&lang=en","title":{"rendered":"RSU 3156"},"content":{"rendered":"\t\t<div data-elementor-type=\"wp-page\" data-elementor-id=\"10778\" class=\"elementor elementor-10778\">\n\t\t\t\t\t\t<div class=\"elementor-section elementor-top-section elementor-element elementor-element-87067ea elementor-section-full_width elementor-section-content-top elementor-reverse-mobile elementor-section-height-default elementor-section-height-default\" data-id=\"87067ea\" data-element_type=\"section\" data-e-type=\"section\" data-settings=\"{&quot;background_background&quot;:&quot;classic&quot;}\">\n\t\t\t\t\t\t<div class=\"elementor-container elementor-column-gap-no\">\n\t\t\t\t\t<div class=\"elementor-column elementor-col-50 elementor-top-column elementor-element elementor-element-2a0973a elementor-hidden-mobile\" data-id=\"2a0973a\" data-element_type=\"column\" data-e-type=\"column\">\n\t\t\t<div class=\"elementor-widget-wrap elementor-element-populated\">\n\t\t\t\t\t\t<div class=\"elementor-element elementor-element-2debac8 elementor-widget__width-initial elementor-widget elementor-widget-wp-widget-media_image\" data-id=\"2debac8\" data-element_type=\"widget\" data-e-type=\"widget\" data-widget_type=\"wp-widget-media_image.default\">\n\t\t\t\t<div class=\"elementor-widget-container\">\n\t\t\t\t\t<a href=\"https:\/\/inci.neuro.unistra.fr\/wp-content\/uploads\/2023\/11\/ensavoirplus-inci-1000x315-1.jpg\"><img fetchpriority=\"high\" decoding=\"async\" width=\"1000\" height=\"315\" src=\"https:\/\/inci.neuro.unistra.fr\/wp-content\/uploads\/2023\/11\/ensavoirplus-inci-1000x315-1.jpg\" class=\"image wp-image-15636  attachment-full size-full\" alt=\"\" style=\"max-width: 100%; height: auto;\" srcset=\"https:\/\/inci.neuro.unistra.fr\/wp-content\/uploads\/2023\/11\/ensavoirplus-inci-1000x315-1.jpg 1000w, https:\/\/inci.neuro.unistra.fr\/wp-content\/uploads\/2023\/11\/ensavoirplus-inci-1000x315-1-300x95.jpg 300w, https:\/\/inci.neuro.unistra.fr\/wp-content\/uploads\/2023\/11\/ensavoirplus-inci-1000x315-1-768x242.jpg 768w\" sizes=\"(max-width: 1000px) 100vw, 1000px\" \/><\/a>\t\t\t\t<\/div>\n\t\t\t\t<\/div>\n\t\t\t\t\t<\/div>\n\t\t<\/div>\n\t\t\t\t<div class=\"elementor-column elementor-col-50 elementor-top-column elementor-element elementor-element-151b367\" data-id=\"151b367\" data-element_type=\"column\" data-e-type=\"column\" data-settings=\"{&quot;background_background&quot;:&quot;classic&quot;}\">\n\t\t\t<div class=\"elementor-widget-wrap elementor-element-populated\">\n\t\t\t\t\t\t<div class=\"elementor-element elementor-element-a7aa7b8 elementor-widget-mobile__width-inherit elementor-widget elementor-widget-wp-widget-text\" data-id=\"a7aa7b8\" data-element_type=\"widget\" data-e-type=\"widget\" data-widget_type=\"wp-widget-text.default\">\n\t\t\t\t<div class=\"elementor-widget-container\">\n\t\t\t\t\t\t\t\t<div class=\"textwidget\"><p><strong><a href=\"#bgn\">UAR-3156<\/a><\/strong><br \/>\nResearch support unit<\/p>\n<p><img decoding=\"async\" class=\"size-full wp-image-4575 aligncenter\" src=\"https:\/\/inci.neuro.unistra.fr\/wp-content\/uploads\/2023\/03\/pascal-darbon-90x110-1.jpg\" alt=\"\" width=\"90\" \/>Director: <strong>Pascal DARBON<\/strong><\/p>\n<\/div>\n\t\t\t\t\t\t<\/div>\n\t\t\t\t<\/div>\n\t\t\t\t\t<\/div>\n\t\t<\/div>\n\t\t\t\t\t<\/div>\n\t\t<\/div>\n\t\t\t\t<section class=\"elementor-section elementor-top-section elementor-element elementor-element-58a2ad4 elementor-section-full_width elementor-section-content-top elementor-section-height-default elementor-section-height-default\" data-id=\"58a2ad4\" data-element_type=\"section\" data-e-type=\"section\">\n\t\t\t\t\t\t<div class=\"elementor-container elementor-column-gap-no\">\n\t\t\t\t\t<div class=\"elementor-column elementor-col-100 elementor-top-column elementor-element elementor-element-4823fcc\" data-id=\"4823fcc\" data-element_type=\"column\" data-e-type=\"column\">\n\t\t\t<div class=\"elementor-widget-wrap elementor-element-populated\">\n\t\t\t\t\t\t<div class=\"elementor-element elementor-element-55136fa elementor-widget elementor-widget-image\" data-id=\"55136fa\" data-element_type=\"widget\" data-e-type=\"widget\" data-widget_type=\"image.default\">\n\t\t\t\t<div class=\"elementor-widget-container\">\n\t\t\t\t\t\t\t\t\t\t\t\t\t\t\t<img decoding=\"async\" width=\"1000\" height=\"70\" src=\"https:\/\/inci.neuro.unistra.fr\/wp-content\/uploads\/2023\/10\/fleche-bas-UAR3156-1000x70-1.png\" class=\"attachment-full size-full wp-image-11763\" alt=\"\" srcset=\"https:\/\/inci.neuro.unistra.fr\/wp-content\/uploads\/2023\/10\/fleche-bas-UAR3156-1000x70-1.png 1000w, https:\/\/inci.neuro.unistra.fr\/wp-content\/uploads\/2023\/10\/fleche-bas-UAR3156-1000x70-1-300x21.png 300w, https:\/\/inci.neuro.unistra.fr\/wp-content\/uploads\/2023\/10\/fleche-bas-UAR3156-1000x70-1-768x54.png 768w\" sizes=\"(max-width: 1000px) 100vw, 1000px\" \/>\t\t\t\t\t\t\t\t\t\t\t\t\t\t\t<\/div>\n\t\t\t\t<\/div>\n\t\t\t\t\t<\/div>\n\t\t<\/div>\n\t\t\t\t\t<\/div>\n\t\t<\/section>\n\t\t\t\t<section class=\"elementor-section elementor-top-section elementor-element elementor-element-716854f elementor-section-height-min-height elementor-section-content-top elementor-hidden-mobile elementor-section-boxed elementor-section-height-default elementor-section-items-middle\" data-id=\"716854f\" data-element_type=\"section\" data-e-type=\"section\">\n\t\t\t\t\t\t<div class=\"elementor-container elementor-column-gap-narrow\">\n\t\t\t\t\t<div class=\"elementor-column elementor-col-100 elementor-top-column elementor-element elementor-element-9bc4f4c\" data-id=\"9bc4f4c\" data-element_type=\"column\" data-e-type=\"column\">\n\t\t\t<div class=\"elementor-widget-wrap elementor-element-populated\">\n\t\t\t\t\t\t<div class=\"elementor-element elementor-element-aa8b403 elementor-widget elementor-widget-html\" data-id=\"aa8b403\" data-element_type=\"widget\" data-e-type=\"widget\" data-widget_type=\"html.default\">\n\t\t\t\t<div class=\"elementor-widget-container\">\n\t\t\t\t\t<span id=\"bgn\"><\/span>\n<a href=\"https:\/\/inci.neuro.unistra.fr\/?page_id=95&lang=en\"><img decoding=\"async\" src=\"https:\/\/inci.neuro.unistra.fr\/wp-content\/uploads\/2023\/02\/home.png\"><\/a>\t\t\t\t<\/div>\n\t\t\t\t<\/div>\n\t\t\t\t\t<\/div>\n\t\t<\/div>\n\t\t\t\t\t<\/div>\n\t\t<\/section>\n\t\t\t\t<div class=\"elementor-section elementor-top-section elementor-element elementor-element-ee25bb0 elementor-section-content-top elementor-section-boxed elementor-section-height-default elementor-section-height-default\" data-id=\"ee25bb0\" data-element_type=\"section\" data-e-type=\"section\">\n\t\t\t\t\t\t<div class=\"elementor-container elementor-column-gap-narrow\">\n\t\t\t\t\t<div class=\"elementor-column elementor-col-100 elementor-top-column elementor-element elementor-element-4fda25a\" data-id=\"4fda25a\" data-element_type=\"column\" data-e-type=\"column\">\n\t\t\t<div class=\"elementor-widget-wrap elementor-element-populated\">\n\t\t\t\t\t\t<div class=\"elementor-element elementor-element-bcc1cf0 elementor-widget elementor-widget-text-editor\" data-id=\"bcc1cf0\" data-element_type=\"widget\" data-e-type=\"widget\" data-widget_type=\"text-editor.default\">\n\t\t\t\t<div class=\"elementor-widget-container\">\n\t\t\t\t\t\t\t\t\t<p><span class=\"HwtZe\" lang=\"en\"><span class=\"jCAhz ChMk0b\"><span class=\"ryNqvb\">The CNRS UAR-3156 Research Support Unit&rsquo;s mission is the technical, financial and administrative management of the \u201cNeurochemistry Center\u201d building located at 8 all\u00e9e du g\u00e9n\u00e9ral Rouvillois, on the Esplanade campus of the University of Strasbourg.<\/span><\/span><\/span><\/p><p><span class=\"HwtZe\" lang=\"en\"><span class=\"jCAhz ChMk0b\"><span class=\"ryNqvb\">This building built in the years 1978-79 by the CNRS to develop research on \u201cbrain chemistry\u201d today houses the Institute of Cellular and Integrative Neurosciences <em>(INCI)<\/em>, the accommodation and exploration platform<\/span><\/span> <span class=\"jCAhz ChMk0b\"><span class=\"ryNqvb\">functional for rodents Chronobiotron and the In <a href=\"https:\/\/imagerieinvitro.u-strasbg.fr\/\" target=\"_blank\" rel=\"noopener\">Vitro Imaging platform<\/a>.<\/span><\/span><\/span><\/p><p>The services grouped within the UAR are offered to all research teams, services and platforms located in the building.<\/p><p>The financial management and personnel management of UAR-3156 are ensured by the <a href=\"https:\/\/intrainci.u-strasbg.fr\/?page_id=2858\" target=\"_blank\" rel=\"noopener\">INCI Administrative Center<\/a>.<\/p>\t\t\t\t\t\t\t\t<\/div>\n\t\t\t\t<\/div>\n\t\t\t\t\t<\/div>\n\t\t<\/div>\n\t\t\t\t\t<\/div>\n\t\t<\/div>\n\t\t\t\t<section class=\"elementor-section elementor-top-section elementor-element elementor-element-451cbc9 elementor-section-height-min-height elementor-section-content-top elementor-hidden-mobile elementor-section-boxed elementor-section-height-default elementor-section-items-middle\" data-id=\"451cbc9\" data-element_type=\"section\" data-e-type=\"section\">\n\t\t\t\t\t\t<div class=\"elementor-container elementor-column-gap-narrow\">\n\t\t\t\t\t<div class=\"elementor-column elementor-col-100 elementor-top-column elementor-element elementor-element-fa38064\" data-id=\"fa38064\" data-element_type=\"column\" data-e-type=\"column\">\n\t\t\t<div class=\"elementor-widget-wrap elementor-element-populated\">\n\t\t\t\t\t\t\t<\/div>\n\t\t<\/div>\n\t\t\t\t\t<\/div>\n\t\t<\/section>\n\t\t\t\t<\/div>\n\t\t","protected":false},"excerpt":{"rendered":"<p>The CNRS UAR-3156 Research Support Unit&rsquo;s mission is the technical, financial and administrative management of the \u201cNeurochemistry Center\u201d building located at 8 all\u00e9e du g\u00e9n\u00e9ral Rouvillois, on the Esplanade campus of the University of Strasbourg. This building built in the years 1978-79 by the CNRS to develop research on \u201cbrain chemistry\u201d today houses the Institute [&hellip;]<\/p>\n","protected":false},"author":1,"featured_media":0,"parent":95,"menu_order":0,"comment_status":"closed","ping_status":"closed","template":"","meta":{"ocean_post_layout":"","ocean_both_sidebars_style":"","ocean_both_sidebars_content_width":0,"ocean_both_sidebars_sidebars_width":0,"ocean_sidebar":"0","ocean_second_sidebar":"0","ocean_disable_margins":"enable","ocean_add_body_class":"","ocean_shortcode_before_top_bar":"","ocean_shortcode_after_top_bar":"","ocean_shortcode_before_header":"","ocean_shortcode_after_header":"","ocean_has_shortcode":"","ocean_shortcode_after_title":"","ocean_shortcode_before_footer_widgets":"","ocean_shortcode_after_footer_widgets":"","ocean_shortcode_before_footer_bottom":"","ocean_shortcode_after_footer_bottom":"","ocean_display_top_bar":"default","ocean_display_header":"default","ocean_header_style":"","ocean_center_header_left_menu":"0","ocean_custom_header_template":"0","ocean_custom_logo":0,"ocean_custom_retina_logo":0,"ocean_custom_logo_max_width":0,"ocean_custom_logo_tablet_max_width":0,"ocean_custom_logo_mobile_max_width":0,"ocean_custom_logo_max_height":0,"ocean_custom_logo_tablet_max_height":0,"ocean_custom_logo_mobile_max_height":0,"ocean_header_custom_menu":"0","ocean_menu_typo_font_family":"0","ocean_menu_typo_font_subset":"","ocean_menu_typo_font_size":0,"ocean_menu_typo_font_size_tablet":0,"ocean_menu_typo_font_size_mobile":0,"ocean_menu_typo_font_size_unit":"px","ocean_menu_typo_font_weight":"","ocean_menu_typo_font_weight_tablet":"","ocean_menu_typo_font_weight_mobile":"","ocean_menu_typo_transform":"","ocean_menu_typo_transform_tablet":"","ocean_menu_typo_transform_mobile":"","ocean_menu_typo_line_height":0,"ocean_menu_typo_line_height_tablet":0,"ocean_menu_typo_line_height_mobile":0,"ocean_menu_typo_line_height_unit":"","ocean_menu_typo_spacing":0,"ocean_menu_typo_spacing_tablet":0,"ocean_menu_typo_spacing_mobile":0,"ocean_menu_typo_spacing_unit":"","ocean_menu_link_color":"","ocean_menu_link_color_hover":"","ocean_menu_link_color_active":"","ocean_menu_link_background":"","ocean_menu_link_hover_background":"","ocean_menu_link_active_background":"","ocean_menu_social_links_bg":"","ocean_menu_social_hover_links_bg":"","ocean_menu_social_links_color":"","ocean_menu_social_hover_links_color":"","ocean_disable_title":"default","ocean_disable_heading":"default","ocean_post_title":"","ocean_post_subheading":"","ocean_post_title_style":"","ocean_post_title_background_color":"","ocean_post_title_background":0,"ocean_post_title_bg_image_position":"","ocean_post_title_bg_image_attachment":"","ocean_post_title_bg_image_repeat":"","ocean_post_title_bg_image_size":"","ocean_post_title_height":0,"ocean_post_title_bg_overlay":0.5,"ocean_post_title_bg_overlay_color":"","ocean_disable_breadcrumbs":"default","ocean_breadcrumbs_color":"","ocean_breadcrumbs_separator_color":"","ocean_breadcrumbs_links_color":"","ocean_breadcrumbs_links_hover_color":"","ocean_display_footer_widgets":"default","ocean_display_footer_bottom":"default","ocean_custom_footer_template":"0","omw_enable_modal_window":"enable","footnotes":""},"class_list":["post-10778","page","type-page","status-publish","hentry","entry"],"yoast_head":"<!-- This site is optimized with the Yoast SEO plugin v27.4 - https:\/\/yoast.com\/product\/yoast-seo-wordpress\/ -->\n<title>RSU 3156 - Institut des Neurosciences Cellulaires et Int\u00e9gratives<\/title>\n<meta name=\"description\" content=\"The CNRS UAR-3156 Research Support Unit&#039;s mission is the technical, financial and administrative management of the \u201cNeurochemistry Center\u201d building located at 8 all\u00e9e du g\u00e9n\u00e9ral Rouvillois, on the Esplanade campus of the University of Strasbourg\" \/>\n<meta name=\"robots\" content=\"index, follow, max-snippet:-1, max-image-preview:large, max-video-preview:-1\" \/>\n<link rel=\"canonical\" href=\"https:\/\/inci.neuro.unistra.fr\/?page_id=10778&lang=en\" \/>\n<meta property=\"og:locale\" content=\"fr_FR\" \/>\n<meta property=\"og:type\" content=\"article\" \/>\n<meta property=\"og:title\" content=\"RSU 3156 - Institut des Neurosciences Cellulaires et Int\u00e9gratives\" \/>\n<meta property=\"og:description\" content=\"The CNRS UAR-3156 Research Support Unit&#039;s mission is the technical, financial and administrative management of the \u201cNeurochemistry Center\u201d building located at 8 all\u00e9e du g\u00e9n\u00e9ral Rouvillois, on the Esplanade campus of the University of Strasbourg\" \/>\n<meta property=\"og:url\" content=\"https:\/\/inci.neuro.unistra.fr\/?page_id=10778&amp;lang=en\" \/>\n<meta property=\"og:site_name\" content=\"Institut des Neurosciences Cellulaires et Int\u00e9gratives\" \/>\n<meta property=\"article:modified_time\" content=\"2026-01-20T08:56:32+00:00\" \/>\n<meta property=\"og:image\" content=\"https:\/\/inci.neuro.unistra.fr\/wp-content\/uploads\/2023\/10\/fleche-bas-UAR3156-1000x70-1.png\" \/>\n<meta name=\"twitter:card\" content=\"summary_large_image\" \/>\n<meta name=\"twitter:site\" content=\"@incicnrs\" \/>\n<meta name=\"twitter:label1\" content=\"Dur\u00e9e de lecture estim\u00e9e\" \/>\n\t<meta name=\"twitter:data1\" content=\"2 minutes\" \/>\n<script type=\"application\/ld+json\" class=\"yoast-schema-graph\">{\"@context\":\"https:\\\/\\\/schema.org\",\"@graph\":[{\"@type\":\"WebPage\",\"@id\":\"https:\\\/\\\/inci.neuro.unistra.fr\\\/?page_id=10778&lang=en\",\"url\":\"https:\\\/\\\/inci.neuro.unistra.fr\\\/?page_id=10778&lang=en\",\"name\":\"RSU 3156 - Institut des Neurosciences Cellulaires et Int\u00e9gratives\",\"isPartOf\":{\"@id\":\"https:\\\/\\\/inci.neuro.unistra.fr\\\/#website\"},\"primaryImageOfPage\":{\"@id\":\"https:\\\/\\\/inci.neuro.unistra.fr\\\/?page_id=10778&lang=en#primaryimage\"},\"image\":{\"@id\":\"https:\\\/\\\/inci.neuro.unistra.fr\\\/?page_id=10778&lang=en#primaryimage\"},\"thumbnailUrl\":\"https:\\\/\\\/inci.neuro.unistra.fr\\\/wp-content\\\/uploads\\\/2023\\\/10\\\/fleche-bas-UAR3156-1000x70-1.png\",\"datePublished\":\"2023-10-23T09:04:54+00:00\",\"dateModified\":\"2026-01-20T08:56:32+00:00\",\"description\":\"The CNRS UAR-3156 Research Support Unit's mission is the technical, financial and administrative management of the \u201cNeurochemistry Center\u201d building located at 8 all\u00e9e du g\u00e9n\u00e9ral Rouvillois, on the Esplanade campus of the University of Strasbourg\",\"breadcrumb\":{\"@id\":\"https:\\\/\\\/inci.neuro.unistra.fr\\\/?page_id=10778&lang=en#breadcrumb\"},\"inLanguage\":\"fr-FR\",\"potentialAction\":[{\"@type\":\"ReadAction\",\"target\":[\"https:\\\/\\\/inci.neuro.unistra.fr\\\/?page_id=10778&lang=en\"]}]},{\"@type\":\"ImageObject\",\"inLanguage\":\"fr-FR\",\"@id\":\"https:\\\/\\\/inci.neuro.unistra.fr\\\/?page_id=10778&lang=en#primaryimage\",\"url\":\"https:\\\/\\\/inci.neuro.unistra.fr\\\/wp-content\\\/uploads\\\/2023\\\/10\\\/fleche-bas-UAR3156-1000x70-1.png\",\"contentUrl\":\"https:\\\/\\\/inci.neuro.unistra.fr\\\/wp-content\\\/uploads\\\/2023\\\/10\\\/fleche-bas-UAR3156-1000x70-1.png\",\"width\":1000,\"height\":70},{\"@type\":\"BreadcrumbList\",\"@id\":\"https:\\\/\\\/inci.neuro.unistra.fr\\\/?page_id=10778&lang=en#breadcrumb\",\"itemListElement\":[{\"@type\":\"ListItem\",\"position\":1,\"name\":\"Accueil\",\"item\":\"https:\\\/\\\/inci.neuro.unistra.fr\\\/\"},{\"@type\":\"ListItem\",\"position\":2,\"name\":\"Institute of Cellular and Integrative Neurosciences\",\"item\":\"https:\\\/\\\/inci.neuro.unistra.fr\\\/?page_id=95&lang=en\"},{\"@type\":\"ListItem\",\"position\":3,\"name\":\"RSU 3156\"}]},{\"@type\":\"WebSite\",\"@id\":\"https:\\\/\\\/inci.neuro.unistra.fr\\\/#website\",\"url\":\"https:\\\/\\\/inci.neuro.unistra.fr\\\/\",\"name\":\"Institut des Neurosciences Cellulaires et Int\u00e9gratives\",\"description\":\"Institut des Neurosciences Cellulaires et Int\u00e9gratives\",\"publisher\":{\"@id\":\"https:\\\/\\\/inci.neuro.unistra.fr\\\/#organization\"},\"potentialAction\":[{\"@type\":\"SearchAction\",\"target\":{\"@type\":\"EntryPoint\",\"urlTemplate\":\"https:\\\/\\\/inci.neuro.unistra.fr\\\/?s={search_term_string}\"},\"query-input\":{\"@type\":\"PropertyValueSpecification\",\"valueRequired\":true,\"valueName\":\"search_term_string\"}}],\"inLanguage\":\"fr-FR\"},{\"@type\":\"Organization\",\"@id\":\"https:\\\/\\\/inci.neuro.unistra.fr\\\/#organization\",\"name\":\"Institut des Neurosciences Cellulaires et Int\u00e9gratives\",\"url\":\"https:\\\/\\\/inci.neuro.unistra.fr\\\/\",\"logo\":{\"@type\":\"ImageObject\",\"inLanguage\":\"fr-FR\",\"@id\":\"https:\\\/\\\/inci.neuro.unistra.fr\\\/#\\\/schema\\\/logo\\\/image\\\/\",\"url\":\"https:\\\/\\\/inci.neuro.unistra.fr\\\/wp-content\\\/uploads\\\/2025\\\/12\\\/logo-inci-blanc-200px.png\",\"contentUrl\":\"https:\\\/\\\/inci.neuro.unistra.fr\\\/wp-content\\\/uploads\\\/2025\\\/12\\\/logo-inci-blanc-200px.png\",\"width\":200,\"height\":225,\"caption\":\"Institut des Neurosciences Cellulaires et Int\u00e9gratives\"},\"image\":{\"@id\":\"https:\\\/\\\/inci.neuro.unistra.fr\\\/#\\\/schema\\\/logo\\\/image\\\/\"},\"sameAs\":[\"https:\\\/\\\/x.com\\\/incicnrs\"]}]}<\/script>\n<!-- \/ Yoast SEO plugin. -->","yoast_head_json":{"title":"RSU 3156 - Institut des Neurosciences Cellulaires et Int\u00e9gratives","description":"The CNRS UAR-3156 Research Support Unit's mission is the technical, financial and administrative management of the \u201cNeurochemistry Center\u201d building located at 8 all\u00e9e du g\u00e9n\u00e9ral Rouvillois, on the Esplanade campus of the University of Strasbourg","robots":{"index":"index","follow":"follow","max-snippet":"max-snippet:-1","max-image-preview":"max-image-preview:large","max-video-preview":"max-video-preview:-1"},"canonical":"https:\/\/inci.neuro.unistra.fr\/?page_id=10778&lang=en","og_locale":"fr_FR","og_type":"article","og_title":"RSU 3156 - Institut des Neurosciences Cellulaires et Int\u00e9gratives","og_description":"The CNRS UAR-3156 Research Support Unit's mission is the technical, financial and administrative management of the \u201cNeurochemistry Center\u201d building located at 8 all\u00e9e du g\u00e9n\u00e9ral Rouvillois, on the Esplanade campus of the University of Strasbourg","og_url":"https:\/\/inci.neuro.unistra.fr\/?page_id=10778&lang=en","og_site_name":"Institut des Neurosciences Cellulaires et Int\u00e9gratives","article_modified_time":"2026-01-20T08:56:32+00:00","og_image":[{"url":"https:\/\/inci.neuro.unistra.fr\/wp-content\/uploads\/2023\/10\/fleche-bas-UAR3156-1000x70-1.png","type":"","width":"","height":""}],"twitter_card":"summary_large_image","twitter_site":"@incicnrs","twitter_misc":{"Dur\u00e9e de lecture estim\u00e9e":"2 minutes"},"schema":{"@context":"https:\/\/schema.org","@graph":[{"@type":"WebPage","@id":"https:\/\/inci.neuro.unistra.fr\/?page_id=10778&lang=en","url":"https:\/\/inci.neuro.unistra.fr\/?page_id=10778&lang=en","name":"RSU 3156 - Institut des Neurosciences Cellulaires et Int\u00e9gratives","isPartOf":{"@id":"https:\/\/inci.neuro.unistra.fr\/#website"},"primaryImageOfPage":{"@id":"https:\/\/inci.neuro.unistra.fr\/?page_id=10778&lang=en#primaryimage"},"image":{"@id":"https:\/\/inci.neuro.unistra.fr\/?page_id=10778&lang=en#primaryimage"},"thumbnailUrl":"https:\/\/inci.neuro.unistra.fr\/wp-content\/uploads\/2023\/10\/fleche-bas-UAR3156-1000x70-1.png","datePublished":"2023-10-23T09:04:54+00:00","dateModified":"2026-01-20T08:56:32+00:00","description":"The CNRS UAR-3156 Research Support Unit's mission is the technical, financial and administrative management of the \u201cNeurochemistry Center\u201d building located at 8 all\u00e9e du g\u00e9n\u00e9ral Rouvillois, on the Esplanade campus of the University of Strasbourg","breadcrumb":{"@id":"https:\/\/inci.neuro.unistra.fr\/?page_id=10778&lang=en#breadcrumb"},"inLanguage":"fr-FR","potentialAction":[{"@type":"ReadAction","target":["https:\/\/inci.neuro.unistra.fr\/?page_id=10778&lang=en"]}]},{"@type":"ImageObject","inLanguage":"fr-FR","@id":"https:\/\/inci.neuro.unistra.fr\/?page_id=10778&lang=en#primaryimage","url":"https:\/\/inci.neuro.unistra.fr\/wp-content\/uploads\/2023\/10\/fleche-bas-UAR3156-1000x70-1.png","contentUrl":"https:\/\/inci.neuro.unistra.fr\/wp-content\/uploads\/2023\/10\/fleche-bas-UAR3156-1000x70-1.png","width":1000,"height":70},{"@type":"BreadcrumbList","@id":"https:\/\/inci.neuro.unistra.fr\/?page_id=10778&lang=en#breadcrumb","itemListElement":[{"@type":"ListItem","position":1,"name":"Accueil","item":"https:\/\/inci.neuro.unistra.fr\/"},{"@type":"ListItem","position":2,"name":"Institute of Cellular and Integrative Neurosciences","item":"https:\/\/inci.neuro.unistra.fr\/?page_id=95&lang=en"},{"@type":"ListItem","position":3,"name":"RSU 3156"}]},{"@type":"WebSite","@id":"https:\/\/inci.neuro.unistra.fr\/#website","url":"https:\/\/inci.neuro.unistra.fr\/","name":"Institut des Neurosciences Cellulaires et Int\u00e9gratives","description":"Institut des Neurosciences Cellulaires et Int\u00e9gratives","publisher":{"@id":"https:\/\/inci.neuro.unistra.fr\/#organization"},"potentialAction":[{"@type":"SearchAction","target":{"@type":"EntryPoint","urlTemplate":"https:\/\/inci.neuro.unistra.fr\/?s={search_term_string}"},"query-input":{"@type":"PropertyValueSpecification","valueRequired":true,"valueName":"search_term_string"}}],"inLanguage":"fr-FR"},{"@type":"Organization","@id":"https:\/\/inci.neuro.unistra.fr\/#organization","name":"Institut des Neurosciences Cellulaires et Int\u00e9gratives","url":"https:\/\/inci.neuro.unistra.fr\/","logo":{"@type":"ImageObject","inLanguage":"fr-FR","@id":"https:\/\/inci.neuro.unistra.fr\/#\/schema\/logo\/image\/","url":"https:\/\/inci.neuro.unistra.fr\/wp-content\/uploads\/2025\/12\/logo-inci-blanc-200px.png","contentUrl":"https:\/\/inci.neuro.unistra.fr\/wp-content\/uploads\/2025\/12\/logo-inci-blanc-200px.png","width":200,"height":225,"caption":"Institut des Neurosciences Cellulaires et Int\u00e9gratives"},"image":{"@id":"https:\/\/inci.neuro.unistra.fr\/#\/schema\/logo\/image\/"},"sameAs":["https:\/\/x.com\/incicnrs"]}]}},"_links":{"self":[{"href":"https:\/\/inci.neuro.unistra.fr\/index.php?rest_route=\/wp\/v2\/pages\/10778","targetHints":{"allow":["GET"]}}],"collection":[{"href":"https:\/\/inci.neuro.unistra.fr\/index.php?rest_route=\/wp\/v2\/pages"}],"about":[{"href":"https:\/\/inci.neuro.unistra.fr\/index.php?rest_route=\/wp\/v2\/types\/page"}],"author":[{"embeddable":true,"href":"https:\/\/inci.neuro.unistra.fr\/index.php?rest_route=\/wp\/v2\/users\/1"}],"replies":[{"embeddable":true,"href":"https:\/\/inci.neuro.unistra.fr\/index.php?rest_route=%2Fwp%2Fv2%2Fcomments&post=10778"}],"version-history":[{"count":36,"href":"https:\/\/inci.neuro.unistra.fr\/index.php?rest_route=\/wp\/v2\/pages\/10778\/revisions"}],"predecessor-version":[{"id":22028,"href":"https:\/\/inci.neuro.unistra.fr\/index.php?rest_route=\/wp\/v2\/pages\/10778\/revisions\/22028"}],"up":[{"embeddable":true,"href":"https:\/\/inci.neuro.unistra.fr\/index.php?rest_route=\/wp\/v2\/pages\/95"}],"wp:attachment":[{"href":"https:\/\/inci.neuro.unistra.fr\/index.php?rest_route=%2Fwp%2Fv2%2Fmedia&parent=10778"}],"curies":[{"name":"wp","href":"https:\/\/api.w.org\/{rel}","templated":true}]}}